{"id":254496,"date":"2025-09-02T11:43:07","date_gmt":"2025-09-02T09:43:07","guid":{"rendered":"https:\/\/bibliotecaangelica.cultura.gov.it\/mission\/"},"modified":"2025-11-27T13:05:47","modified_gmt":"2025-11-27T12:05:47","slug":"mission","status":"publish","type":"page","link":"https:\/\/bibliotecaangelica.cultura.gov.it\/en\/mission\/","title":{"rendered":"Mission"},"content":{"rendered":"<p>[et_pb_section fb_built=&#8221;1&#8243; admin_label=&#8221;section&#8221; _builder_version=&#8221;4.16&#8243; global_colors_info=&#8221;{}&#8221; theme_builder_area=&#8221;post_content&#8221;][et_pb_row admin_label=&#8221;row&#8221; _builder_version=&#8221;4.16&#8243; background_size=&#8221;initial&#8221; background_position=&#8221;top_left&#8221; background_repeat=&#8221;repeat&#8221; global_colors_info=&#8221;{}&#8221; theme_builder_area=&#8221;post_content&#8221;][et_pb_column type=&#8221;4_4&#8243; _builder_version=&#8221;4.16&#8243; custom_padding=&#8221;|||&#8221; global_colors_info=&#8221;{}&#8221; custom_padding__hover=&#8221;|||&#8221; theme_builder_area=&#8221;post_content&#8221;][et_pb_text admin_label=&#8221;Text&#8221; _builder_version=&#8221;4.27.4&#8243; background_size=&#8221;initial&#8221; background_position=&#8221;top_left&#8221; background_repeat=&#8221;repeat&#8221; hover_enabled=&#8221;0&#8243; global_colors_info=&#8221;{}&#8221; theme_builder_area=&#8221;post_content&#8221; sticky_enabled=&#8221;0&#8243;]Tra il 1600 e il 1605 matur\u00f2 nel vescovo agostiniano Angelo Rocca l\u2019idea di lasciare la sua biblioteca, che era gi\u00e0 nota con il nome di Angelica, a \u201cbeneficio pubblico\u201d e nel 1604 ai lati della porta d\u2019ingresso furono poste due lapidi, forse dettate dal Cursio-amico e primo biografo del Rocca.<\/p>\n<p><img loading=\"lazy\" decoding=\"async\" width=\"495\" height=\"290\" class=\"aligncenter wp-image-14530\" title=\"Frater Angelus Rocca Camers Episc., 1604\" src=\"https:\/\/bibliotecaangelica.cultura.gov.it\/wp-content\/uploads\/2022\/03\/Frater-Angelus-Rocca.jpg\" srcset=\"https:\/\/bibliotecaangelica.cultura.gov.it\/wp-content\/uploads\/2022\/03\/Frater-Angelus-Rocca.jpg 495w, https:\/\/bibliotecaangelica.cultura.gov.it\/wp-content\/uploads\/2022\/03\/Frater-Angelus-Rocca-300x176.jpg 300w\" sizes=\"(max-width: 495px) 100vw, 495px\" \/><\/p>\n<p><em>Il Frate Angelo Rocca da Camerino, figlio dell\u2019Ordine dei Frati Eremitani di Sant\u2019Agostino, e Prefetto del Sacrario Apostolico, d\u00e0, dedica, dona la (sua) Biblioteca, ricchissima in ogni genere di arti e di scienze, e adornata di immagini di uomini illustri rappresentate al vivo, e raccolta in un lungo spazio di tempo con grande fatica e dispendio di denaro, al Convento di S. Agostino della Citt\u00e0, non solo a vantaggio dei religiosi, ma anche dei chierici e dei laici, per rendere manifesta ai viventi e ai posteri la devozione dell\u2019animo riconoscente verso la famiglia agostiniana, sua madre e nutrice, e il favore verso i letterati e gli amanti delle lettere, nell\u2019anno della salvezza 1604.<br \/>\n(Virgilio Mori op.cit.p.217, dimostra la modifica apportata dal Rocca, dopo la nomina a vescovo di Tagaste nel 1605 alla data della lapide).<\/em><\/p>\n<p>(Virgilio Mori op. cit. p.217, dimostra la modifica apportata dal Rocca alla data della lapide, dopo la nomina a vescovo di Tagaste, avvenuta nel 1605).<\/p>\n<p>&nbsp;<\/p>\n<p><img decoding=\"async\" class=\"aligncenter wp-image-14531\" title=\"Biblioteca Angelica cautum est...Sec. XVII\" src=\"https:\/\/bibliotecaangelica.cultura.gov.it\/wp-content\/uploads\/2020\/12\/biblioteca-Angelica-Cautum-est.Sec_.-XVII.jpg\" \/><\/p>\n<p><em>Biblioteca Angelica. Si dispone che nessuno osi portar via, sottrarre o trasportare in altro luogo, nemmeno per comodit\u00e0 di studio, questa Biblioteca o una bench\u00e9 minima parte della stessa, o di un libro o di qualsivoglia altra<\/em><\/p>\n<p><em>cosa contenuta nel Diploma pontificio. Chi far\u00e0 altrimenti, sar\u00e0 immediatamente passibile della pena di scomunica, e potr\u00e0 essere assolto solo dal sommo Pontefice. Chi poi oser\u00e0 vendere questa Biblioteca, o una minima sua parte, o alienarla a qualsiasi titolo da questa Casa, sappia che, oltre alla pena della scomunica \u201clatae sententiae\u201d, la stessa Biblioteca nella sua totalit\u00e0, con tutte quante le cose a essa spettanti, sar\u00e0\u00a0subito assegnata alla Camera Apostolica per la Biblioteca Vaticana.\u00a0<\/em><\/p>\n<p>Bibliografia: Virgilio Mori,\u00a0<em>Saggio biografico sul Vescovo bibliografo Angelo Rocca<\/em>\u00a0(1545-1620), \u201cArchivi\u201d, 16, 1959, p.200-222.<br \/>\nPaola Munaf\u00f2 e Nicoletta Muratore,\u00a0<em>Bibliotheca Angelica Publicae commoditati dicata<\/em>, Istituto Poligrafico e Zecca dello Stato, Roma 2004[\/et_pb_text][\/et_pb_column][\/et_pb_row][et_pb_row column_structure=&#8221;1_2,1_2&#8243; _builder_version=&#8221;4.27.4&#8243; _module_preset=&#8221;default&#8221; global_colors_info=&#8221;{}&#8221; theme_builder_area=&#8221;post_content&#8221;][et_pb_column type=&#8221;1_2&#8243; _builder_version=&#8221;4.27.4&#8243; _module_preset=&#8221;default&#8221; global_colors_info=&#8221;{}&#8221; theme_builder_area=&#8221;post_content&#8221;][et_pb_button button_url=&#8221;https:\/\/bibliotecaangelica.cultura.gov.it\/en\/library-activities\/&#8221; button_text=&#8221; Library activities&#8221; _builder_version=&#8221;4.27.4&#8243; _module_preset=&#8221;default&#8221; custom_button=&#8221;on&#8221; button_text_size=&#8221;16px&#8221; button_text_color=&#8221;#000000&#8243; button_border_width=&#8221;0px&#8221; button_border_radius=&#8221;20px&#8221; button_icon=&#8221;&#x48;||divi||400&#8243; button_icon_placement=&#8221;left&#8221; button_on_hover=&#8221;off&#8221; global_colors_info=&#8221;{}&#8221; button_text_color__hover_enabled=&#8221;on|hover&#8221; button_text_color__hover=&#8221;#B30107&#8243; theme_builder_area=&#8221;post_content&#8221;][\/et_pb_button][\/et_pb_column][et_pb_column type=&#8221;1_2&#8243; _builder_version=&#8221;4.27.4&#8243; _module_preset=&#8221;default&#8221; global_colors_info=&#8221;{}&#8221; theme_builder_area=&#8221;post_content&#8221;][et_pb_button button_url=&#8221;https:\/\/bibliotecaangelica.cultura.gov.it\/en\/purchases\/&#8221; button_text=&#8221;Purchases and gifts&#8221; button_alignment=&#8221;right&#8221; _builder_version=&#8221;4.27.4&#8243; _module_preset=&#8221;default&#8221; custom_button=&#8221;on&#8221; button_text_size=&#8221;16px&#8221; button_text_color=&#8221;#000000&#8243; button_border_width=&#8221;0px&#8221; button_border_radius=&#8221;20px&#8221; button_icon=&#8221;&#x49;||divi||400&#8243; button_on_hover=&#8221;off&#8221; global_colors_info=&#8221;{}&#8221; button_text_color__hover_enabled=&#8221;on|hover&#8221; button_text_color__hover=&#8221;#B30107&#8243; theme_builder_area=&#8221;post_content&#8221;][\/et_pb_button][\/et_pb_column][\/et_pb_row][\/et_pb_section]<\/p>\n","protected":false},"excerpt":{"rendered":"<p>Tra il 1600 e il 1605 matur\u00f2 nel vescovo agostiniano Angelo Rocca l\u2019idea di lasciare la sua biblioteca, che era gi\u00e0 nota con il nome di Angelica, a \u201cbeneficio pubblico\u201d e nel 1604 ai lati della porta d\u2019ingresso furono poste due lapidi, forse dettate dal Cursio-amico e primo biografo del Rocca. Il Frate Angelo Rocca da Camerino, figlio dell\u2019Ordine dei Frati Eremitani di Sant\u2019Agostino, e Prefetto del Sacrario Apostolico, d\u00e0, dedica, dona la (sua) Biblioteca, ricchissima in ogni genere di arti e di scienze, e adornata di immagini di uomini illustri rappresentate al vivo, e raccolta in un lungo spazio di tempo con grande fatica e dispendio di denaro, al Convento di S. Agostino della Citt\u00e0, non solo a vantaggio dei religiosi, ma anche dei chierici e dei laici, per rendere manifesta ai viventi e ai posteri la devozione dell\u2019animo riconoscente verso la famiglia agostiniana, sua madre e nutrice, e il favore verso i letterati e gli amanti delle lettere, nell\u2019anno della salvezza 1604. (Virgilio Mori op.cit.p.217, dimostra la modifica apportata dal Rocca, dopo la nomina a vescovo di Tagaste nel 1605 alla data della lapide). (Virgilio Mori op. cit. p.217, dimostra la modifica apportata dal Rocca alla data della [&hellip;]<\/p>\n","protected":false},"author":11,"featured_media":0,"parent":0,"menu_order":0,"comment_status":"closed","ping_status":"closed","template":"","meta":{"_et_pb_use_builder":"on","_et_pb_old_content":"","_et_gb_content_width":"","_helpful_status":1,"footnotes":""},"class_list":["post-254496","page","type-page","status-publish","hentry"],"_links":{"self":[{"href":"https:\/\/bibliotecaangelica.cultura.gov.it\/en\/wp-json\/wp\/v2\/pages\/254496","targetHints":{"allow":["GET"]}}],"collection":[{"href":"https:\/\/bibliotecaangelica.cultura.gov.it\/en\/wp-json\/wp\/v2\/pages"}],"about":[{"href":"https:\/\/bibliotecaangelica.cultura.gov.it\/en\/wp-json\/wp\/v2\/types\/page"}],"author":[{"embeddable":true,"href":"https:\/\/bibliotecaangelica.cultura.gov.it\/en\/wp-json\/wp\/v2\/users\/11"}],"replies":[{"embeddable":true,"href":"https:\/\/bibliotecaangelica.cultura.gov.it\/en\/wp-json\/wp\/v2\/comments?post=254496"}],"version-history":[{"count":6,"href":"https:\/\/bibliotecaangelica.cultura.gov.it\/en\/wp-json\/wp\/v2\/pages\/254496\/revisions"}],"predecessor-version":[{"id":256955,"href":"https:\/\/bibliotecaangelica.cultura.gov.it\/en\/wp-json\/wp\/v2\/pages\/254496\/revisions\/256955"}],"wp:attachment":[{"href":"https:\/\/bibliotecaangelica.cultura.gov.it\/en\/wp-json\/wp\/v2\/media?parent=254496"}],"curies":[{"name":"wp","href":"https:\/\/api.w.org\/{rel}","templated":true}]}}

<p>[et_pb_section fb_built=&#8221;1&#8243; admin_label=&#8221;section&#8221; _builder_version=&#8221;4.16&#8243; global_colors_info=&#8221;{}&#8221; theme_builder_area=&#8221;post_content&#8221;][et_pb_row admin_label=&#8221;row&#8221; _builder_version=&#8221;4.16&#8243; background_size=&#8221;initial&#8221; background_position=&#8221;top_left&#8221; background_repeat=&#8221;repeat&#8221; global_colors_info=&#8221;{}&#8221; theme_builder_area=&#8221;post_content&#8221;][et_pb_column type=&#8221;4_4&#8243; _builder_version=&#8221;4.16&#8243; custom_padding=&#8221;|||&#8221; global_colors_info=&#8221;{}&#8221; custom_padding__hover=&#8221;|||&#8221; theme_builder_area=&#8221;post_content&#8221;][et_pb_text admin_label=&#8221;Text&#8221; _builder_version=&#8221;4.27.4&#8243; background_size=&#8221;initial&#8221; background_position=&#8221;top_left&#8221; background_repeat=&#8221;repeat&#8221; hover_enabled=&#8221;0&#8243; global_colors_info=&#8221;{}&#8221; theme_builder_area=&#8221;post_content&#8221; sticky_enabled=&#8221;0&#8243;]Tra il 1600 e il 1605 maturò nel vescovo agostiniano Angelo Rocca l’idea di lasciare la sua biblioteca, che era già nota con il nome di Angelica, a “beneficio pubblico” e nel 1604 ai lati della porta d’ingresso furono poste due lapidi, forse dettate dal Cursio-amico e primo biografo del Rocca.</p>
<p><img loading="lazy" decoding="async" width="495" height="290" class="aligncenter wp-image-14530" title="Frater Angelus Rocca Camers Episc., 1604" src="https://bibliotecaangelica.cultura.gov.it/wp-content/uploads/2022/03/Frater-Angelus-Rocca.jpg" srcset="https://bibliotecaangelica.cultura.gov.it/wp-content/uploads/2022/03/Frater-Angelus-Rocca.jpg 495w, https://bibliotecaangelica.cultura.gov.it/wp-content/uploads/2022/03/Frater-Angelus-Rocca-300x176.jpg 300w" sizes="(max-width: 495px) 100vw, 495px" /></p>
<p><em>Il Frate Angelo Rocca da Camerino, figlio dell’Ordine dei Frati Eremitani di Sant’Agostino, e Prefetto del Sacrario Apostolico, dà, dedica, dona la (sua) Biblioteca, ricchissima in ogni genere di arti e di scienze, e adornata di immagini di uomini illustri rappresentate al vivo, e raccolta in un lungo spazio di tempo con grande fatica e dispendio di denaro, al Convento di S. Agostino della Città, non solo a vantaggio dei religiosi, ma anche dei chierici e dei laici, per rendere manifesta ai viventi e ai posteri la devozione dell’animo riconoscente verso la famiglia agostiniana, sua madre e nutrice, e il favore verso i letterati e gli amanti delle lettere, nell’anno della salvezza 1604.<br />
(Virgilio Mori op.cit.p.217, dimostra la modifica apportata dal Rocca, dopo la nomina a vescovo di Tagaste nel 1605 alla data della lapide).</em></p>
<p>(Virgilio Mori op. cit. p.217, dimostra la modifica apportata dal Rocca alla data della lapide, dopo la nomina a vescovo di Tagaste, avvenuta nel 1605).</p>
<p>&nbsp;</p>
<p><img decoding="async" class="aligncenter wp-image-14531" title="Biblioteca Angelica cautum est...Sec. XVII" src="https://bibliotecaangelica.cultura.gov.it/wp-content/uploads/2020/12/biblioteca-Angelica-Cautum-est.Sec_.-XVII.jpg" /></p>
<p><em>Biblioteca Angelica. Si dispone che nessuno osi portar via, sottrarre o trasportare in altro luogo, nemmeno per comodità di studio, questa Biblioteca o una benché minima parte della stessa, o di un libro o di qualsivoglia altra</em></p>
<p><em>cosa contenuta nel Diploma pontificio. Chi farà altrimenti, sarà immediatamente passibile della pena di scomunica, e potrà essere assolto solo dal sommo Pontefice. Chi poi oserà vendere questa Biblioteca, o una minima sua parte, o alienarla a qualsiasi titolo da questa Casa, sappia che, oltre alla pena della scomunica “latae sententiae”, la stessa Biblioteca nella sua totalità, con tutte quante le cose a essa spettanti, sarà subito assegnata alla Camera Apostolica per la Biblioteca Vaticana. </em></p>
<p>Bibliografia: Virgilio Mori, <em>Saggio biografico sul Vescovo bibliografo Angelo Rocca</em> (1545-1620), “Archivi”, 16, 1959, p.200-222.<br />
Paola Munafò e Nicoletta Muratore, <em>Bibliotheca Angelica Publicae commoditati dicata</em>, Istituto Poligrafico e Zecca dello Stato, Roma 2004[/et_pb_text][/et_pb_column][/et_pb_row][et_pb_row column_structure=&#8221;1_2,1_2&#8243; _builder_version=&#8221;4.27.4&#8243; _module_preset=&#8221;default&#8221; global_colors_info=&#8221;{}&#8221; theme_builder_area=&#8221;post_content&#8221;][et_pb_column type=&#8221;1_2&#8243; _builder_version=&#8221;4.27.4&#8243; _module_preset=&#8221;default&#8221; global_colors_info=&#8221;{}&#8221; theme_builder_area=&#8221;post_content&#8221;][et_pb_button button_url=&#8221;https://bibliotecaangelica.cultura.gov.it/en/library-activities/&#8221; button_text=&#8221; Library activities&#8221; _builder_version=&#8221;4.27.4&#8243; _module_preset=&#8221;default&#8221; custom_button=&#8221;on&#8221; button_text_size=&#8221;16px&#8221; button_text_color=&#8221;#000000&#8243; button_border_width=&#8221;0px&#8221; button_border_radius=&#8221;20px&#8221; button_icon=&#8221;&#x48;||divi||400&#8243; button_icon_placement=&#8221;left&#8221; button_on_hover=&#8221;off&#8221; global_colors_info=&#8221;{}&#8221; button_text_color__hover_enabled=&#8221;on|hover&#8221; button_text_color__hover=&#8221;#B30107&#8243; theme_builder_area=&#8221;post_content&#8221;][/et_pb_button][/et_pb_column][et_pb_column type=&#8221;1_2&#8243; _builder_version=&#8221;4.27.4&#8243; _module_preset=&#8221;default&#8221; global_colors_info=&#8221;{}&#8221; theme_builder_area=&#8221;post_content&#8221;][et_pb_button button_url=&#8221;https://bibliotecaangelica.cultura.gov.it/en/purchases/&#8221; button_text=&#8221;Purchases and gifts&#8221; button_alignment=&#8221;right&#8221; _builder_version=&#8221;4.27.4&#8243; _module_preset=&#8221;default&#8221; custom_button=&#8221;on&#8221; button_text_size=&#8221;16px&#8221; button_text_color=&#8221;#000000&#8243; button_border_width=&#8221;0px&#8221; button_border_radius=&#8221;20px&#8221; button_icon=&#8221;&#x49;||divi||400&#8243; button_on_hover=&#8221;off&#8221; global_colors_info=&#8221;{}&#8221; button_text_color__hover_enabled=&#8221;on|hover&#8221; button_text_color__hover=&#8221;#B30107&#8243; theme_builder_area=&#8221;post_content&#8221;][/et_pb_button][/et_pb_column][/et_pb_row][/et_pb_section]</p>

<p>Tra il 1600 e il 1605 maturò nel vescovo agostiniano Angelo Rocca l’idea di lasciare la sua biblioteca, che era già nota con il nome di Angelica, a “beneficio pubblico” e nel 1604 ai lati della porta d’ingresso furono poste due lapidi, forse dettate dal Cursio-amico e primo biografo del Rocca. Il Frate Angelo Rocca da Camerino, figlio dell’Ordine dei Frati Eremitani di Sant’Agostino, e Prefetto del Sacrario Apostolico, dà, dedica, dona la (sua) Biblioteca, ricchissima in ogni genere di arti e di scienze, e adornata di immagini di uomini illustri rappresentate al vivo, e raccolta in un lungo spazio di tempo con grande fatica e dispendio di denaro, al Convento di S. Agostino della Città, non solo a vantaggio dei religiosi, ma anche dei chierici e dei laici, per rendere manifesta ai viventi e ai posteri la devozione dell’animo riconoscente verso la famiglia agostiniana, sua madre e nutrice, e il favore verso i letterati e gli amanti delle lettere, nell’anno della salvezza 1604. (Virgilio Mori op.cit.p.217, dimostra la modifica apportata dal Rocca, dopo la nomina a vescovo di Tagaste nel 1605 alla data della lapide). (Virgilio Mori op. cit. p.217, dimostra la modifica apportata dal Rocca alla data della [&hellip;]</p>
